9 is divided by r.
35
Let h = -627 + 688. What is the remainder when h is divided by 21?
19
Suppose 1 = -p, 5*f = -4*p - p + 470. What is the remainder when f is divided by 49?
46
Suppose -2*y + 536 + 136 = 0. Calculate the remainder when y is divided by 26.
24
Let p(m) = -29*m**2 + 127*m - 3. What is the remainder when p(3) is divided by 12?
9
Let y(t) = 149*t - 495. What is the remainder when y(4) is divided by 18?
11
Suppose 75*s = 77*s - 70. Let p(j) = -19*j**3 + j**2 + j. What is the remainder when p(-1) is divided by s/30 - 1 - (-236)/24?
9
Calculate the remainder when 344 is divided by (-1408)/(-96) + (-1)/(-3).
14
Suppose -3*l + 5 = 4*q + q, 3*l - q - 17 = 0. Suppose d = -l*s - 2*d + 61, 3*d + 27 = 3*s. Calculate the remainder when 85 is divided by s.
8
Let i be 351/(-2) - (-8)/(-16). Let s be ((-1)/2)/(6/24). What is the remainder when (i/(-33))/(s/(-9)) is divided by 13?
11
Suppose 5*d = -p - 9, 4*p = -6*d + 2*d + 12. Calculate the remainder when 23 is divided by p.
5
What is the remainder when 223 is divided by 0 + 4 + 336/((-156)/(-13))?
31
Let y = -84 - -131. Calculate the remainder when 93 is divided by y.
46
Suppose 12*b - 128 = 9*b - 5*t, -3*t = 5*b - 192. What is the remainder when 1618 is divided by b?
34
Suppose -20*s + 130 = -15*s. What is the remainder when (-37)/2*s/(-13) is divided by 10?
7
Let l(m) = -m - 1. Let u be l(-11). Let n = -18 - -65. What is the remainder when n is divided by (12/150*u)/(2/40)?
15
Let k = -133 - -411. Calculate the remainder when k is divided by 7.
5
What is the remainder when 1/(-3)*(10 + -3 + -61) is divided by 13?
5
Suppose -y = -5*i + 6, -4*y + 2*i - 7*i = -26. Suppose 3*u = -c - 49, 0 = 6*c - 2*c + y. Let d = u + 35. Calculate the remainder when 37 is divided by d.
18
Let y = 74 + -14. What is the remainder when 539 is divided by y?
59
Suppose 11*s + 82 = 10*s. What is the remainder when 3/(-6)*-10 - s is divided by 13?
9
Suppose -5*q - 8 = -q. Let i(u) = 5*u**3 + u**2 + u + 3. Let k be i(q). Calculate the remainder when 12 is divided by (28/k)/(1/(-10)).
4
Let v be (-6)/6 - (-1 - 3341). What is the remainder when 59 is divided by 2/(-17) - v/(-221)?
14
What is the remainder when 64/(-20) + 3 + (-2868)/(-15) is divided by 64?
63
Suppose 3*x + x = 712. Let z = -734 + 779. What is the remainder when x is divided by z?
43
Suppose 0 = -12*z + 14 + 22. Suppose 5*x - 43 = -m, -z*m + 4*x + 72 = -m. Suppose 0 = -w - 4*w + 105. What is the remainder when m is divided by w?
17
Let a(j) = 3*j + 2. Let k be a(3). Suppose 4*g = -k + 3. What is the remainder when 29 + 0 + (g - 1) is divided by 7?
5
Let v(n) = n**2 - 20*n + 11. Let t be v(24). Let h = t - 93. What is the remainder when 53 is divided by h?
11
Let b(y) = y + 9. Suppose 2*a - 3*g - 83 = 0, 3*a + 4*g - 5*g - 128 = 0. Let s = a + -22. Calculate the remainder when s is divided by b(-3).
3
Let j(l) = -5*l**3 - l**2 - 2*l. What is the remainder when 64 is divided by j(-2)?
24
Let z be 2*(1298/55 + (-4)/(-10)). Suppose -25*f + 22*f = -z. Calculate the remainder when f is divided by 8.
0
Calculate the remainder when 60 is divided by ((-16)/(-24))/(6/81 - 0).
6
Let q = -765 + 833. What is the remainder when 747 is divided by q?
67
Let g(h) = 8*h**2 + 7*h - 3. Let i be g(-6). Let j = -26 - -39. What is the remainder when 10/25 + i/5 is divided by j?
10
Let s = 37 + -320. Let h = -194 - s. What is the remainder when h is divided by 13?
11
Let h = -453 - -467. Calculate the remainder when 135 is divided by h.
9
Let y = 255 - 4890. Calculate the remainder when 2/(-9) + y/(-81) is divided by 29.
28
Let p = -172 - -114. Let a = p + 68. Calculate the remainder when 26 is divided by a.
6
What is the remainder when 101 is divided by (-1 - -29) + 1 + -2?
20
Suppose -2*p + 88 = -3*j, -j - 84 = -8*p + 6*p. Calculate the remainder when 77 is divided by p.
36
Let p(u) = -820*u + 16. Let o be p(-6). What is the remainder when (-4)/10 - o/(-40) is divided by 25?
23
Let p = -266 + 398. What is the remainder when p is divided by 36?
24
Let o(i) = 7*i**2 - 41*i + 16. Calculate the remainder when o(6) is divided by 22.
0
Let y(t) = -t**3 + 6*t**2 + 5*t. Calculate the remainder when y(-2) is divided by 8.
6
Let l(d) = -5*d - 9. What is the remainder when 190 is divided by l(-5)?
14
Let s = 985 - 961. Calculate the remainder when 36 is divided by s.
12
Let j(d) = d**2 - 9*d - 19. Suppose g - 48 = -3*g. Suppose -4*r + 0*z = 5*z - 34, 3*z = -2*r + 18. What is the remainder when j(g) is divided by r?
5
Let m = -98 - -235. Calculate the remainder when m is divided by 20.
17
Calculate the remainder when 237 is divided by -10 + 12 + -10 + 75.
36
Let b be 4/(-10)*(-29 + -6). Calculate the remainder when (18/12)/(6/88) is divided by -4 + b - (2 + 2).
4
Suppose 5*b = 4*y - 47, -2*y + 4*y = 5*b + 21. Let l(t) = 55*t - 4. What is the remainder when l(1) is divided by y?
12
Suppose -3*z + 6 = 2*s + 2, 5*s = 3*z + 52. Suppose -2*x + 10 = 2*w, -2*x + 5*x - 11 = -w. Calculate the remainder when s is divided by x.
2
Let x be -2*(-28)/8*1. Let b = 7 - x. Suppose 5*f - 36 - 29 = b. What is the remainder when f is divided by 8?
5
Suppose -5*h + 0 = 4*i + 8, -h = -2*i - 4. Suppose -5*l + 588 - 38 = h. Suppose 0 = -2*c - 3*c + l. Calculate the remainder when 86 is divided by c.
20
Calculate the remainder when 4/(4/115) - 3 is divided by 13.
8
Let k = 33 - 14. Let g(w) = 2*w**2 - 10*w - 23. Let c be g(-2). Suppose x = 5*y - c, 2*y + 1 = -2*x + 15. What is the remainder when k is divided by x?
4
Suppose -4*x - 134 = -2*x. Let w be (-6)/(-2) - (x + -10). Suppose -3*m - 102 = -5*n, n - 5*n + 2*m = -w. What is the remainder when 34 is divided by n?
16
Suppose n - 3*n + 98 = 0. Let t(j) = -j**3 + 41*j**2 + 42*j + 143. Calculate the remainder when t(42) is divided by n.
45
Let n(j) = -21*j + 1. Let t be n(-2). Suppose t = 4*m - 33. Calculate the remainder when m is divided by 7.
5
Let p be 6/4*70/21. Suppose -245 - 220 = -p*i. Calculate the remainder when i is divided by 32.
29
Let m(t) = -t**3 + 4*t**2 + 3*t + 2. Suppose 0 = 3*y, 4*y = -5*s - y + 95. Let x = 22 - s. Calculate the remainder when 57 is divided by m(x).
17
Calculate the remainder when 136 is divided by (-20)/(-45) + (-3864)/(-54).
64
What is the remainder when 71 is divided by ((-42)/(-9) - 4)*(6 - 0)?
3
Suppose 3*i = 5*i - 276. Let c be (-6)/(-9)*i/4. Suppose 4*v - 41 - c = 0. Calculate the remainder when 44 is divided by v.
12
Suppose -5*y + p + 39 = 12, 3 = p. Let g = -23 - -26. Calculate the remainder when y is divided by g.
0
Let l(r) = r**2 + 6*r. Let k be l(-4). Let c = k + 15. What is the remainder when 33 is divided by c?
5
Let y = -57 - -61. Suppose -8 = -y*m + f, -m - 8 = 3*m - 5*f. Calculate the remainder when 13 is divided by m.
1
Let n(i) = 39*i + 3050. Let x = -62 - -109. What is the remainder when x is divided by n(-78)?
7
Suppose -4*o - 51 + 95 = 0. Suppose t + 26 = r, -5*r + 50 = -4*r + 5*t. Calculate the remainder when r is divided by o.
8
Let i(r) = 19*r**3 + 2*r**2 - 1. What is the remainder when 3*(9170/462 - ((-4)/(-11))/2) is divided by i(1)?
19
Suppose 0 = -2*s - 2*s - 4*m + 72, m = 2*s - 27. Suppose -6 = -4*u + 6. What is the remainder when s is divided by u?
0
Let y(p) = -20*p - 1. Calculate the remainder when y(-6) is divided by -4*((5 - 7) + -4).
23
Let r be 10/20 + (-57)/(-2). Let h = 42 - r. Suppose b - 2*c = 42, -2*c = 2 + 2. What is the remainder when b is divided by h?
12
Let j = 2383 + -2334. Let n = 10 - -1. What is the remainder when j is divided by n?
5
Suppose 2*d = 3*d + 6. Let l(n) = -n**2 - 6*n + 8. Let b = 17 + 4. Calculate the remainder when b is divided by l(d).
5
Let g = 12 - 9. Suppose -g*j + 36 = -12. Suppose 13*o + 6 = j*o. What is the remainder when 6 is divided by o?
0
Let f = -24 + 23. Let y(j) = j**3 - 3*j**2 - 3*j. What is the remainder when 204/36 + f/(-3) is divided by y(4)?
2
Let y(f) = -15*f**2 - 342*f + 126. Suppose -4*h + 9*h = 1415. Calculate the remainder when h is divided by y(-23).
55
Suppose -28*t + 23*t + 205 = 0. Calculate the remainder when 161 is divided by t.
38
Suppose -8*r + 53 = -43. What is the remainder when 106 is divided by r?
10
Let g(c) = c**3 + 4*c**2 - 15*c - 15. What is the remainder when g(5) is divided by 34?
33
Suppose 41 + 116 = o. Let w = o 